9*s + 7. Let b(q) = -6*a(q) - 10*g(q). What are the prime factors of b(7)?
2
Let i = 5296 + -1108. What are the prime factors of i?
2, 3, 349
Let m(w) = -w**3 + 15*w**2 - 25*w + 14. List the prime factors of m(9).
5, 11
Suppose -2*k + 174 = -2*a, 5*a - 153 = 2*k - 4*k. Let l be (k/(-2))/((-2)/(-2)). Let v = l + 73. List the prime factors of v.
31
Let r(b) = -b + 4. Let u be r(-7). Suppose 14*c + 162 = u*c. What are the prime factors of -3*c/(6/2)?
2, 3
Suppose -59 - 5 = 8*h. Let z(f) = -13*f**3 + 1. Let v be z(-1). What are the prime factors of (h/v)/((-8)/28)?
2
What are the prime factors of 33/99 - (-689)/3?
2, 5, 23
Let p(o) = o**2 - 3*o + 14. Let j be (4 - -1)*165/25. Suppose -j*s = -29*s - 24. List the prime factors of p(s).
2
Let q(w) = -13*w + 5. Let x be q(-7). Suppose 0 = 5*c + 4*n - 173, x = 3*c + 3*n + 2*n. Suppose 2*m - c - 47 = 0. List the prime factors of m.
2, 3, 7
Let f = -641 + 930. List the prime factors of f.
17
Let q = -2339 + 4151. List the prime factors of q.
2, 3, 151
Suppose 676 = b + 3*i, -476 = -3*b + 4*i + 1591. List the prime factors of b.
5, 137
Let c(i) = -45*i - 4. Suppose -4*r - 22 = 3*n, 4*r + 3 + 3 = 5*n. What are the prime factors of c(n)?
2, 43
Suppose 9*r = 4*r + 15. Suppose 4*l = 8*l - 8, -3*p - r*l = -15. List the prime factors of p.
3
Let l = 587 - 350. What are the prime factors of l?
3, 79
Suppose -6*m = 19 + 263. Let o = 6 - m. List the prime factors of o.
53
Suppose -l + 0*l + 2885 = f, -4*f = l - 2897. List the prime factors of l.
43, 67
Let f(t) = -466*t - 64. What are the prime factors of f(-5)?
2, 11, 103
Let h(c) be the first derivative of 2 + c - 5/2*c**2. What are the prime factors of h(-1)?
2, 3
Let j(w) = 98*w**3 + 6*w**2 - 24*w + 65. List the prime factors of j(3).
2693
Suppose 2*u - 4 = 104. Let x = -22 + u. List the prime factors of x.
2
Let i(u) = 5*u + 226. What are the prime factors of i(-39)?
31
Let o be (-4)/(-6) - 53/3. Let b = 38 - o. List the prime factors of b.
5, 11
Suppose -2*x = 3*o - 779, 2*x + o = 6*x - 1551. List the prime factors of x.
2, 97
Let i(o) = -2*o**2 + 57*o - 46. List the prime factors of i(17).
3, 5, 23
Let q = -665 + 1045. What are the prime factors of q?
2, 5, 19
Let n(v) = 2*v**2 - 64*v + 234. What are the prime factors of n(52)?
2, 13, 89
Suppose 2*b - 55 = -5*l - 3*b, 2*b = 3*l - 53. Let v be (3 + l/(-6))*0. Suppose v*x + 2*x - 28 = 0. List the prime factors of x.
2, 7
Let o(t) = -733*t + 67. What are the prime factors of o(-2)?
3, 7, 73
List the prime factors of 164/((-66)/24 - (-5 - -2)).
2, 41
Let w = 48 - -101. List the prime factors of w.
149
Suppose 120 + 0 = 4*u - 5*i, -u + 30 = -4*i. Suppose u = -3*h - 2*h. What are the prime factors of (-6)/(-12) + (-405)/h?
2, 17
Suppose 0*z = 2*z - 6. What are the prime factors of 21*(-12)/28*(-90)/z?
2, 3, 5
Let z = 848 + -532. List the prime factors of z.
2, 79
Suppose m = 3*g - 109 - 22, -241 = -5*g - 4*m. List the prime factors of g.
3, 5
Suppose -9*j + 20*j = 6347. List the prime factors of j.
577
Suppose 0 = 3*i - 15, 6 + 9 = -5*h + 3*i. Let v = 4 - h. Suppose v*t + 18 - 94 = 0. List the prime factors of t.
19
Let p be 84/22 + 14/77. Suppose -3*z - q = -4*q + 6, p*q - 12 = 2*z. Suppose t = -3*w + 107, z*w - 3*t = 2*t + 43. What are the prime factors of w?
2, 17
Suppose 3*v - 3*s + 62 = 2*s, 2*s - 59 = 3*v. Suppose 4*r + 81 = -67. Let q = v - r. List the prime factors of q.
2, 3
Let z(g) be the first derivative of 26*g**3 - 2*g**2 + 3*g - 15. What are the prime factors of z(1)?
7, 11
Let q(g) = 2*g + 2. Let j be q(0). Let v(k) = 7*k**2 + k**3 + 6 - k + 10*k**j - 12*k**2. List the prime factors of v(-5).
11
Let q(i) = 2*i**3 - 4*i**2 - 17*i + 23. Let c be q(7). Suppose n - 529 = -4*r, -3*r + c = -0*n - 2*n. What are the prime factors of r?
2, 3, 11
Suppose 4*x - 37 = -3*i, -4 = 3*x + 4*i - 37. Suppose -x*o + 276 = -424. List the prime factors of o.
2, 5
What are the prime factors of 18/(-24) + (-5339)/(-4)?
2, 23, 29
Suppose -17*l - 484 = -6*l. List the prime factors of 2/l*4 + (-16116)/(-66).
2, 61
Suppose z - 7 = 4*o, -3*o + 6*z - 1 = z. List the prime factors of o/10 + (-3110)/(-50).
2, 31
Let n = -16 + 20. Suppose 5*b = 3*r + 83, b + 0 = n. Let y = 49 + r. What are the prime factors of y?
2, 7
Let n(r) = -r**3 - 10*r**2 + 33*r - 17. What are the prime factors of n(-16)?
991
Let a = 21 - 13. Suppose i = -i + a. Suppose j - 3*j + 2*w = -60, -8 = i*w. List the prime factors of j.
2, 7
Let y(l) be the third derivative of 3*l**2 + 0*l + 0 - 1/24*l**4 + 11/3*l**3. List the prime factors of y(16).
2, 3
Let p(j) = -18*j**3 - 3*j**2 - 9*j - 21. List the prime factors of p(-4).
3, 373
Suppose 7485 = 12*j + 369. What are the prime factors of j?
593
Let a(b) = -3*b**2 - 5*b + 6. Let q be a(5). Let v be (0 + 138/15)*15. Let d = q + v. What are the prime factors of d?
2, 11
Let p = 53 - 23. Suppose -5*d - p = 2*z + 14, -z + 3*d = 0. List the prime factors of z/3 + 57 - -3.
2, 7
Let k be (-34)/(-5) + 5/25. What are the prime factors of 8*(0 + 2)*k/2?
2, 7
Suppose 0 = -3*j + x + 1818, -4439 = -5*j - 5*x - 1389. List the prime factors of j.
607
Let l be ((-4)/(3 - 5))/((-3)/636). Let q = 655 + l. What are the prime factors of q?
3, 7, 11
Let t(z) = -z**3 - 4*z**2 + z. Let h be t(-3). Let s = h - -20. Let q = 11 - s. List the prime factors of q.
3
Suppose 6*f - 8 + 248 = 0. Let a = -22 - f. List the prime factors of a.
2, 3
Let y be 0 - 935/(-2) - 16/(-32). Let s = -314 + y. What are the prime factors of s?
2, 7, 11
Suppose 4*q = 2*q. List the prime factors of 6/15*(5 - q).
2
Let c(a) = a**2 + 9*a - 32. Let t be 2 + -14 + (-2)/2. What are the prime factors of c(t)?
2, 5
Suppose -2*i - 816 = 2*j - 5398, -2*j = -2*i + 4598. What are the prime factors of i?
3, 5, 17
Let h be (-45)/(-2) + (-6)/12. Let s be (-4)/h - (-18)/(-22). Let f = s + 26. List the prime factors of f.
5
Suppose -1275 = -4*q + 593. List the prime factors of q.
467
Suppose 5*s + 4*u - 12 - 13 = 0, -s = -2*u - 5. Suppose 8*q + j = 3*q - 3, -4*j = -s*q - 13. What are the prime factors of (-44)/(-4) - 2/q?
13
Let x = -6 - 0. Let t be (-10)/15 - 16/x. Suppose 54 = t*w + 5*i, 4*w + 5*i = -0*i + 108. What are the prime factors of w?
3
Let l be (-1)/(((-3)/(-993))/(-1)). Let o = -201 + l. List the prime factors of o.
2, 5, 13
List the prime factors of 42570/(-301)*(-14)/3.
2, 3, 5, 11
Let k be (-4)/2*(-244)/(-8). Let z = 35 + k. Let r = -19 - z. List the prime factors of r.
7
Let x(m) = -m**3 - m**2 - m + 7. Let d be x(0). Suppose -k = 4 - d. Suppose -7*l + 44 = -k*l. List the prime factors of l.
11
Let z = 0 - 7. Let j(c) = -14*c - 17. What are the prime factors of j(z)?
3
Let w(n) = 2*n**2 + 12*n - 8. Let p be w(-6). Let s = p + 21. List the prime factors of 15*s/12*4.
5, 13
Suppose -5*k = -2*a - 3350, 0 = 9*a - 7*a. What are the prime factors of k?
2, 5, 67
Suppose 23*a - 17*a = 29544. What are the prime factors of a?
2, 1231
Let k = 148 - 51. What are the prime factors of k?
97
Suppose 5*g + 4*u = g + 32, -g - 4 = -5*u. Let m = g - 3. Let j(c) = c**2 + c - 1. List the prime factors of j(m).
11
Let y be (93/(-15) - -1) + (-3)/(-15). Let m(l) = -l + 16. What are the prime factors of m(y)?
3, 7
Let x(m) = -85*m - 73. What are the prime factors of x(-17)?
2, 7
Suppose -o - 20 = -6*o. Suppose 0 = -5*l + 3*l - 3*s + 5, o*s - 1 = 3*l. List the prime factors of ((-135)/20)/(l/(-4)).
3
Suppose 0 = -13*i + 15650 + 30890. What are the prime factors of i?
2, 5, 179
Let d(r) = -r**3 - 9*r**2 - 7*r + 11. Suppose -5*a - 33 = 7. Let k be d(a). Suppose -k*u = u - 108. What are the prime factors of u?
3
Let l be (-2)/7 + 204/28. Suppose 182 = -6*m + l*m. List the prime factors of m.
2, 7, 13
List the prime factors of 80 + (-7)/(28/20).
3, 5
Let i = -33 - -43. What are the prime factors of (40/(-14))/(i/(-175))?
2, 5
Let o = -2431 + 3383. List the prime factors of o.
2, 7, 17
Let y = -5 + 10. Suppose m + 2 = -p, y*m = 3*p + p - 10. Let v(w) = w**2 - w + 18. List the prime factors of v(p).
2, 3
Let v(n) = -138*n - 26. What are the prime factors of v(-15)?
2, 7, 73
Suppose -4*t + 4533 = -3*u, 5700 = 5*t + 12*u - 9*u. List the prime factors of t.
3, 379
Suppose 0 = -5*y + l + 4453, 0 = -2*y + 5*l + 1103 + 692. List the prime factors of y.
2, 5, 89
Suppose 3*h - 11*h + 304 = 0. 